st derivative of -t**4/4 - 7*t**3 - 11*t**2 - 20*t - 24. Let f be d(-20). Suppose -f*k = -25*k + 665. Is k a prime number?
False
Suppose -3*c = 8 - 20. Suppose f = 5*y + 155, -f - 5*y = f - 340. Suppose c*l = -l + f. Is l prime?
False
Let w = 136683 + -95512. Is w prime?
False
Is (1123095/12)/(64/(-128) + (-3)/(-4)) a composite number?
True
Suppose 5*m - 91 = -291. Let f = m + 25. Let t(z) = -z**3 - 15*z**2 + 35. Is t(f) a composite number?
True
Let m = 10021 + -4623. Suppose h = -5, -t + 0*h - 2*h = -7909. Let y = t - m. Is y a prime number?
True
Suppose -20*l = -4*l - 890424 - 4387192. Is l a composite number?
True
Let f = 560 - -92. Suppose 3*t - 2*t + f = 0. Let c = t + 959. Is c a composite number?
False
Let a = -460 - -455. Let d(o) = 134*o**2 + 44*o + 9. Is d(a) prime?
False
Let s = -293 - -300. Suppose -28226 = s*z - 11*z - 2*p, 4*p - 7053 = -z. Is z a prime number?
True
Let i(b) = -2145*b - 19. Let z(q) = 4290*q + 40. Let r(c) = -13*i(c) - 6*z(c). Is r(2) composite?
False
Suppose 0 = -1870*s + 1805*s + 21434465. Is s composite?
False
Let r = -4944 - -11155. Is r a prime number?
True
Suppose 260*f - 121*f - 23768861 = 0. Is f composite?
True
Let f = 3877 + -1216. Suppose 522 = -q + f. Suppose -v = 2*v - q. Is v a prime number?
False
Let c be (3/(-6))/(2/(-12)). Let n(g) = -127*g**3 + 33*g**3 + c + 0*g**2 - g**2. Is n(-2) composite?
False
Suppose -103*n = -98*n - 25, 2*n + 5318 = -3*p. Let i = 12523 + p. Is i composite?
True
Suppose 0 = 3*f - 1 - 8. Suppose -2*k - f*k = -38405. Is k composite?
False
Suppose -2*q - 3*i + 3419 = -0*i, -5*q = -i - 8556. Is q a prime number?
False
Suppose 0 = -u + 3*x + 3134, -7*u + 12616 = -3*u + 4*x. Suppose -u = -4*d + 1623. Suppose 0 = o + 3*l - 1798, -d = -o - 5*l + 607. Is o composite?
True
Suppose 1254*b + 654784 = 2*q + 1256*b, q - b - 327406 = 0. Is q a prime number?
False
Let j(q) = 67*q**2 + 42*q - 11. Let t be ((-2)/6)/(62/(-21) - -3). Let y(d) = 34*d**2 + 21*d - 6. Let m(u) = t*y(u) + 4*j(u). Is m(5) a prime number?
True
Let s = -78 + 70. Let x be (-40)/s + 5 + 4/(-1). Suppose 2*f + 5*u - 38 = 0, -4*f = -x*f - 2*u + 38. Is f composite?
False
Is 7/21 - ((-15730100)/480 + (-6)/(-16)) a composite number?
False
Suppose -5*g + h = -269467, 4*g - 3*g - 3*h = 53899. Is g composite?
True
Suppose 5*h + 0*h = l - 8, 2*h + 41 = -5*l. Let g(x) be the third derivative of -461*x**4/24 + 2*x**3 - 107*x**2. Is g(l) a prime number?
False
Is ((-1564269)/42)/(1/(-2)) a prime number?
True
Let r be (5 - (-665)/(-10))/((-15)/1780). Suppose 0 = 2*z + 4*c - r, -c + 7295 = z + z. Is z composite?
True
Let k(j) = 747*j - 45. Let r be k(10). Let d = r + -2950. Is 1/(0 - (-5)/d) a composite number?
True
Let w = 178086 + -88643. Is w prime?
True
Let c(u) = -u**2 - 15*u + 41. Let l be c(-17). Suppose -l*w + 4 = -17. Suppose -5*y = 3*h - 5279, -w*h + 4*y + 2161 = -3136. Is h prime?
False
Suppose 0 = -4*u + 8*u + 16. Let b(a) = -142*a + 6. Let g be b(u). Suppose g = 3*z - 1049. Is z composite?
False
Suppose 4*y + 28*v = 871588, 238*v - 233*v + 30 = 0. Is y a prime number?
False
Suppose -3*g + 34 = -26. Suppose -12*t = -7*t - g. Suppose -4*i + 2*i + 3901 = 5*m, -3130 = -t*m + 3*i. Is m a composite number?
True
Suppose -2*r + 5*b = -1262 - 42, 4*r = 2*b + 2592. Is (-5 + 10)*r - -4 a prime number?
False
Suppose 16*x + 504 = 25*x. Suppose x*g = 74*g - 164718. Is g a prime number?
True
Let b(r) = 236*r - 191. Let t(a) = -118*a + 97. Let l(o) = -4*b(o) - 9*t(o). Is l(9) prime?
True
Is ((-96)/(-720) - 13/(-15)) + 10822 a composite number?
True
Let n = 561 + -577. Let s(o) = -329*o - 283. Is s(n) a composite number?
True
Let b(a) = -a**3 + 4*a**2 + 2*a + 110221. Is b(0) prime?
True
Let j(z) = -3*z + 24. Let r be (-14)/(-35) - 18/(-5). Suppose r*i - 40 = 4*b, 3*i - 4 = -b - 34. Is j(b) a prime number?
False
Suppose n + 471815 = 4*d, -3*n + 191952 + 43945 = 2*d. Is d prime?
False
Let p(a) = -38181*a + 2003. Is p(-4) prime?
True
Suppose -d + 3 = -m, 0*m + m + 8 = -4*d. Is (2 - 1)*(-8641)/d a composite number?
False
Let r(a) = 2545*a**2 - 7*a - 13. Suppose v - 3*z - 6 = 0, 0*z = -5*v - 3*z - 24. Is r(v) prime?
False
Let c = -1106 - -1575. Let v(i) = -85*i**3 - 4*i**2 - 2*i. Let z be v(-2). Let h = z - c. Is h a prime number?
True
Let y be (723/6)/(3/186). Let f = y + -2770. Is f a composite number?
True
Suppose 2*y - 2*o = 709060, -909*y + 354548 = -908*y + 5*o. Is y prime?
True
Let k be (4 - 1) + 1395/(-31). Let o = 47 - k. Is o a composite number?
False
Let r = -46290 + 23810. Is 3 + r/(-8) - (-1 - -1) prime?
False
Suppose -2*c + 2*o - 15 = -c, 54 = -5*c + 3*o. Is (c + (-5090)/(-6))*6/4 a prime number?
True
Let i(h) = -4*h**2 + 56*h - 1. Let a be i(14). Is 3*(-14940)/(-27) + (a - -2) a composite number?
True
Let x be (-10)/45 - (-130)/18. Suppose -3*q - x*q + 3*q = 0. Suppose q = -5*k + 4*i + 1279, 0 = 7*k - 2*k - 3*i - 1283. Is k composite?
True
Let m(s) = -s**2 - 12*s - 30. Let x be m(-10). Is (-55388)/x + (-15)/(-75) a prime number?
False
Let m = 140238 - 73013. Suppose -m = -5*c - y, 6*c - 2*c = 2*y + 53794. Let a = 19029 - c. Is a a prime number?
False
Let j(o) = 19*o**2 + 55*o + 92. Let w be j(-35). Suppose -19*h = -10041 - w. Is h a composite number?
False
Suppose 2*r + 607 + 807 = 0. Suppose 0 = -60*c - 75 - 45. Is (0 + 1)*r*c/2 composite?
True
Let v(t) be the second derivative of 9*t**5/20 + 7*t**4/12 - 2*t**3 - 61*t**2/2 + 185*t. Is v(11) composite?
True
Is 4947932/(-110)*(-5)/2 a composite number?
True
Is 11816/1266*480147/4 prime?
False
Let a(i) = -2*i**2 - 43*i + 20. Let v be a(-22). Is 4559 + 17 + 0 + v a prime number?
False
Let c(o) = 30*o**3 - 76*o**2 - 8*o + 1. Is c(20) a composite number?
False
Let b(n) = 7*n - 168. Let w be b(28). Is 8/(-6)*(-82047)/w a prime number?
True
Let b(q) = 2*q**3 - 6*q**2 + 13*q - 8. Let k be b(14). Suppose -8107 = -7*f + k. Is f prime?
False
Let c = 2373926 + 78345. Is c prime?
True
Suppose -9*z + 2321 = -9541. Let s = -2328 + z. Let t = s - -1423. Is t composite?
True
Suppose 8*o - 317445 - 459139 = 0. Is o a composite number?
False
Suppose -3*y + 71 = 2*r, 63 + 62 = 5*r - 3*y. Is (48/r - 2) + 594594/98 a composite number?
False
Let v(l) = -2027*l - 273. Suppose 2*g - x - 6 = -43, 3*g - 5*x + 73 = 0. Is v(g) a composite number?
False
Let f = -9435 - -15442. Is f a prime number?
True
Suppose 2*b - 29919 = -o, 3*b - 164487 + 14920 = -5*o. Let i be ((-42)/(-49))/(45/246120). Suppose -o + i = -11*l. Is l composite?
False
Let x(m) = -401*m - 8. Let z be (-16)/(-24) - (-2)/(-3). Suppose z*b = 7*b + 14. Is x(b) a composite number?
True
Let r be -4 + (-9137 + -1)*-7. Suppose -d + 3*o = 4*d - r, -2*d - 2*o = -25588. Is d a composite number?
True
Suppose -3*v + 4*h - 9 = 0, 4*h + 33 = v - 4*v. Let s = 15 + v. Suppose 3*f = s*f - 3655. Is f prime?
False
Suppose s = 3*b - 3*s - 22, 21 = 3*b - 3*s. Suppose 1916 = -b*l + 8*l. Let n = -551 + l. Is n prime?
False
Suppose -24*u + 165 = 9*u. Let d(z) = -z**3 + z**2 + z + 1671. Let j be d(0). Suppose -5*o = u*y - 3*y - 8240, 5*y = -o + j. Is o a composite number?
True
Suppose 24507348 = -115*z + 23023487 + 59173266. Is z prime?
False
Let q(u) = 2*u - 14. Let o be q(11). Suppose 7*f = o + 20. Suppose f*v + 4*m = 4832, -5*v + 6*v = -3*m + 1218. Is v a composite number?
True
Let d(t) = 3*t**2 - 20*t + 38. Let f be d(20). Let n = -307 - f. Let r = n + 2800. Is r prime?
False
Suppose -l - 34234 = -3*q, 5*q - 76241 = 2*l - 19186. Suppose -29078 - q = -9*u. Is u composite?
True
Let h be (-2 - (-2 + 0))/(-1). Let q be -4 - h - (-24 - 5). Let y = 84 + q. Is y a composite number?
False
Let z = -1 - -3. Suppose i = -0*i - 4, -z*u = 5*i + 2. Suppose u*f + 131 - 3038 = 0. Is f prime?
False
Suppose -16*c + 7*c = 5*k - 518791, k - 3*c = 103787. Is k prime?
True
Let k(h) = h + 32. Let j(g) = -g**3 - 11*g**2 - 18*g + 4. Let l(t) = -t. Let s(z) = -j(z) - l(z). Let w be s(-9). Is k(w) prime?
True
Let b be 3/4 - (-115140)/16. Suppose 3*m - 27960 = b. Is m prime?
True
Let x = 493048 + 344749. Is x a composite number?
False
Suppose -36 = -4*y + 3*j, -21 - 17 = -5*y + 2*j. Let m(b) = -1 + 6*b - b + 4*b + 18*b**2. Is m(y) a prime number?
True
Let y = 514 + -511. Suppose -4*b - y*h = -85123, -b + 5*h + 14310 = -6988. Is b a prime number?
True
Is 2/(7/((-21)/2)*(-15)/569455) a c